-436 = -19*i + 20. Let p be 10/(-4)*288/(-6). What is the highest common factor of i and p?
24
Let w = -191 - -186. Let g(j) = -2*j**3 - 11*j**2 - 8*j - 11. Let b be g(w). Let z be (-3 - -1)/(2/(-4)). Calculate the highest common divisor of b and z.
4
Suppose 36 - 148 = -14*u. Let w be -6*8*-1 - u. Calculate the highest common factor of 460 and w.
20
Suppose -80*v = -84*v + 10336. Calculate the greatest common factor of 19 and v.
19
Suppose 3*n = -5*l + 1127, 5*n + 3*l + l = 1874. Suppose g + 15*f = 112, -28*f = -25*f - 18. Calculate the highest common divisor of g and n.
22
Let t(l) = -86*l**3 + l**2 + 4*l + 201. Let n be t(0). What is the highest common factor of n and 51657?
201
Let m = -5302 - 2222. Suppose 2*v - 5*v - 27 = 0. Let g be 2/(-8) + (m/16)/v. Calculate the highest common divisor of 26 and g.
26
Let z = 42 + -12. Calculate the highest common divisor of 465 and z.
15
Let m = -112 - -110. Let n(l) = -l**3 + 7*l**2 + 12*l + 9. Let v be n(m). Calculate the highest common divisor of 168 and v.
21
Let y(r) = -3288*r - 3216. Let j be y(-4). What is the highest common factor of 81 and j?
27
Suppose 129 - 139 = -2*v. Suppose -4*y - 4*r = -32, -17 = -y - 3*r - v. What is the greatest common divisor of y and 78?
6
Let p = 840 + -685. Calculate the greatest common factor of p and 25.
5
Suppose 52 - 67 = -a. Let o be (a - (1 - 0))/(22/55). What is the highest common divisor of 28 and o?
7
Suppose 8 = -4*b, -49 - 30 = -5*z + 4*b - 16. Suppose -55 = -4*l + 33. Calculate the highest common divisor of l and z.
11
Let m = 18588 - 18111. Calculate the greatest common divisor of 1166 and m.
53
Let d(v) = -4*v**2 - 34*v + 9. Let b be d(-8). Let y be 5 - 5*(-5)/b. Calculate the highest common divisor of y and 93.
3
Let t be ((-1582)/(-42) + -35)*153/4. What is the greatest common factor of t and 1275?
51
Let g(a) = 3*a**2 - 31*a - 5. Let l be g(11). Calculate the highest common divisor of l and 7123.
17
Let g be (-30564)/(-6) - 4/(4/4). What is the greatest common factor of g and 5?
5
Let n = -18461 + 19333. What is the greatest common factor of 16 and n?
8
Suppose -1166 = -3*w + 5*o, -3*w - 7*o = -4*o - 1182. Suppose 14*v = 21*v - w. Calculate the highest common divisor of v and 84.
28
Suppose 0 = 4*s - 2*i - 548, i = -4*i + 10. Suppose 0 = -20*l + 15*l + 5*c + 60, 5*l - 3*c = 60. Calculate the highest common divisor of l and s.
6
Let j(m) = -m - 29. Let v be j(-14). Let k = v - -26. Let f(n) = 24*n - 56. Let r be f(k). Calculate the greatest common factor of 16 and r.
16
Let v = -5 - -38. Let c = -35 + 64. Let g = 32 - c. What is the highest common divisor of g and v?
3
Let h be 520/(-3)*(-6)/5. Let w(v) = v**2 - 13*v + 12. Let o be w(9). Let g be (-7)/(28/o) + 46. Calculate the greatest common factor of h and g.
52
Let r = -25833 - -25938. What is the highest common factor of r and 2240?
35
Let u(x) = -19*x - 11 + 35*x**2 - 36*x**2 - 2 + 3. Let y be u(-14). Calculate the highest common factor of 45 and y.
15
Suppose -885*j + 886*j - 2070 = 0. Suppose 4*i = -6*i + j. What is the highest common factor of 46 and i?
23
Suppose 2*w - 4*z = 92, -42*z + 10 = -47*z. What is the highest common factor of w and 9807?
21
Suppose -8*q + 7*q = 4*x - 323, 5*x - 4*q = 388. What is the greatest common factor of 3380 and x?
20
Suppose -12 = 29*z - 32*z, 3*z = -3*v + 27. Let q be 17 + v + (-5)/(-5) + -8. Calculate the greatest common factor of 75 and q.
15
Let a be 6/(-4)*(-56990)/123. Suppose -685 = -6*k + a. What is the highest common divisor of k and 10?
10
Let h = 283 + -262. Suppose -h*i + 41346 = -2124. Calculate the greatest common factor of 45 and i.
45
Let k(a) = a**2 + 8*a - 116. Let x be k(8). Suppose 106 = 2*d + 5*j - 18, -3*j = x. Calculate the greatest common divisor of d and 18.
18
Let q(f) = -f**3 + 15*f**2 - 24*f + 412. Let m be q(14). What is the greatest common factor of m and 128?
16
Let s be ((-55)/(-40))/(28/224). Calculate the greatest common divisor of s and 15147.
11
Let f be -3 + (-4)/(-1) - (-7 - -95). Let d = 213 + f. What is the highest common divisor of d and 28?
14
Let w be (-6)/(-36) + (6/11 - (-39905)/1518). Calculate the greatest common factor of 20007 and w.
27
Suppose -7*r + 24696 = -5096. Calculate the greatest common factor of 168 and r.
56
Suppose -97*j + 98*j = -7, 3*v = -2*j + 9571. Calculate the greatest common factor of v and 45.
45
Let y(c) = -3*c**3 + 3*c**2 + 126*c + 669. Let z be y(-6). What is the highest common factor of 6244 and z?
223
Let a be 4080/110 - 1*3/33. Suppose -3*f + i + a = 0, 7*i = 2*f + 9*i - 22. Let s be 2/6 + (-142)/(-6). Calculate the greatest common divisor of f and s.
12
Let z be -101*(6 + -7) + -1*8. Calculate the greatest common divisor of 341 and z.
31
Suppose t + 3*x = 7, 0*t + x + 3 = t. Suppose -4*f + 4 = -2*o, -o = -t*f - 5 + 17. Calculate the highest common divisor of 6 and o.
2
Let l = -205 + 388. Let v = 259 - l. What is the highest common divisor of v and 4?
4
Let f(k) = -k**3 - 9*k**2 + 4*k + 2. Let g be f(-10). Let m = 15105 - 15012. Calculate the greatest common factor of g and m.
31
Let k = 35080 - 34295. What is the highest common factor of 5338 and k?
157
Let k be 10/(-7)*(3802 - 3900). Let g(p) = -88*p - 4. Let s be g(-3). Calculate the highest common factor of k and s.
20
Let h = -4644 + 8466. Calculate the highest common factor of h and 84.
42
Suppose -8*j = 846 - 3926. What is the greatest common factor of 63 and j?
7
Suppose -2*h = 76 - 185 - 259. Let z = 35 - 12. What is the greatest common divisor of z and h?
23
Let n be ((-25)/(-1))/(7/14). Suppose -3*w - n*w + 1113 = 0. What is the highest common divisor of 48 and w?
3
Let b be (4 - 2)/2 - 2. Let r be (457 - -2)*1/b. Let w be r/(-7) + 12/28. Calculate the highest common divisor of w and 6.
6
Suppose 40*t = 20197 + 6843. What is the greatest common divisor of 2197 and t?
169
Suppose i - j = -85, 8*j + 243 = -3*i + 7*j. Let f = -82 - i. Suppose 0 = -f*v - 3*v + 36. What is the highest common factor of v and 42?
6
Let a = 94 + -89. Let x be -5 - ((-590)/a)/2. What is the greatest common divisor of 18 and x?
18
Suppose 4*y - 5*d = 230 - 90, 0 = -2*d - 8. Calculate the highest common factor of 1065 and y.
15
Let h be 623/((-18)/(-20) + (-16)/40). Let m be ((-252)/48)/((-116)/(-32) + -4). Calculate the greatest common divisor of h and m.
14
Let r be 3 - 4 - 1 - (-72)/6. Let z be r*(16/(-20))/(-1). Let k(o) = -o**3 - 5*o**2 + 2*o + 8. Let t be k(-6). Calculate the highest common divisor of z and t.
8
Let o = -752286 - -752319. Suppose 5*v - 5*p = -p - 3, 2*v + 3*p - 8 = 0. What is the greatest common divisor of o and v?
1
Let k(u) = -u**2 + 21*u + 18. Let x be k(19). Let a be 33/15 - 3 - (-6888)/35. Calculate the greatest common factor of x and a.
28
Let g = 456 - 284. Let l = g + -147. Let n be (-1)/((-27)/(-15) + -2). What is the highest common factor of n and l?
5
Let c be (1 - -1)*(-15)/10. Let w be c + (-6)/((-4)/(176/6)). Let t(a) = 5*a**3 + 7*a**2 + 4*a + 3. Let d be t(4). What is the highest common factor of d and w?
41
Suppose 3205*f - 3210*f + 26108 = 4*n, -5*f = -5*n + 32545. What is the highest common factor of n and 19?
19
Let i(w) = -224*w**3 + 6497*w**2 - 26*w - 37. Let f be i(29). Let c = -54 + 79. Calculate the highest common factor of c and f.
25
Suppose -2*z - 57 = -4*a - 5*z, -3*z - 33 = -2*a. Let f(m) = m**2 - 10*m - 66. Let k be f(15). What is the greatest common factor of k and a?
3
Let u = 11711 - 11228. What is the highest common divisor of u and 420?
21
Let d = -8 - -22. Suppose -10*u - 837 + 2540 = -677. What is the highest common factor of u and d?
14
Let g(l) = 732*l - 6510. Let h be g(10). Calculate the greatest common factor of 306 and h.
18
Suppose 0*g + 5340 = 29*g - 25*g. Calculate the greatest common divisor of g and 4272.
267
Let l(k) = -5*k**2 - 157*k - 280. Let w be l(-25). Suppose -j - 50 = -6*j. What is the greatest common divisor of w and j?
10
Suppose 3*l + 2*f = 3988, 3*l + 6*f = f + 3994. Calculate the highest common factor of l and 64.
16
Suppose 0 = -4*s - 4*q - 16, 2*q - q = 5. Let n(p) = p + 3. Let m be n(s). Let g be -34*(m/(-8) + (-125)/20). Calculate the highest common divisor of 17 and g.
17
Let q be (-1)/(-3)*(15 - 15) + -14. Let v(f) = f**3 + 16*f**2 + 25*f - 30. Let h be